{"id":15,"date":"2021-09-16T08:24:21","date_gmt":"2021-09-16T08:24:21","guid":{"rendered":"https:\/\/esis.org.ee\/?page_id=15"},"modified":"2026-03-07T11:56:47","modified_gmt":"2026-03-07T09:56:47","slug":"create-your-website-with-blocks","status":"publish","type":"page","link":"https:\/\/esis.org.ee\/","title":{"rendered":"Untitled"},"content":{"rendered":"\n<div class=\"wp-block-columns alignwide are-vertically-aligned-center is-style-default is-layout-flex wp-container-core-columns-is-layout-9d6595d7 wp-block-columns-is-layout-flex\">\n<div class=\"wp-block-column is-vertically-aligned-center is-layout-flow wp-block-column-is-layout-flow\">\n<figure class=\"wp-block-image size-full is-style-default\"><img loading=\"lazy\" decoding=\"async\" width=\"1024\" height=\"683\" src=\"https:\/\/esis.org.ee\/wp-content\/uploads\/2021\/09\/ESISplakat1.jpg\" alt=\"\" class=\"wp-image-36\" title=\"Plakat ENEREX messil 1998\" srcset=\"https:\/\/esis.org.ee\/wp-content\/uploads\/2021\/09\/ESISplakat1.jpg 1024w, https:\/\/esis.org.ee\/wp-content\/uploads\/2021\/09\/ESISplakat1-300x200.jpg 300w, https:\/\/esis.org.ee\/wp-content\/uploads\/2021\/09\/ESISplakat1-768x512.jpg 768w\" sizes=\"auto, (max-width: 1024px) 100vw, 1024px\" \/><\/figure>\n\n\n\n<p>Konverents-kontaktmess &#8220;Tark t\u00f6\u00f6stus 2026&#8221; 19. m\u00e4rtsil 2026. Vt. <a href=\"http:\/\/www.smartindustry.ee\" target=\"_blank\" rel=\"noreferrer noopener\">www.smartindustry.ee<\/a><\/p>\n\n\n\n<p>64. <strong>Automaatikap\u00e4ev<\/strong> toimub 12.03.26 algusega kell 14 Tehnika\u00fclikooli auditooriumis NRG-131. Vaata <a href=\"https:\/\/esis.org.ee\/?page_id=302\" data-type=\"page\" data-id=\"287\">p\u00e4eva kava siit<\/a>.<\/p>\n\n\n\n<div style=\"height:5px\" aria-hidden=\"true\" class=\"wp-block-spacer\"><\/div>\n<\/div>\n\n\n\n<div class=\"wp-block-column is-vertically-aligned-center is-layout-flow wp-block-column-is-layout-flow\">\n<h2 class=\"wp-block-heading alignwide has-text-align-right has-text-align-wide has-large-font-size\" id=\"insenerikutsete-omistamine\" style=\"line-height:1.1\"><strong>INSENERIKUTSETE OMISTAMINE<\/strong><\/h2>\n\n\n\n<p class=\"has-text-align-left\">ESIS on diplomeeritud ja volitatud t\u00f6\u00f6stusautomaatika-inseneri kutsete andja  <strong><a href=\"https:\/\/esis.org.ee\/?page_id=130\">\u2197<\/a><\/strong>  <\/p>\n\n\n\n<figure class=\"wp-block-image size-large alignfull is-style-default\"><img loading=\"lazy\" decoding=\"async\" width=\"1024\" height=\"400\" src=\"https:\/\/esis.org.ee\/wp-content\/uploads\/2021\/09\/PLC_IO-1024x400.jpg\" alt=\"\" class=\"wp-image-50\" title=\"\" srcset=\"https:\/\/esis.org.ee\/wp-content\/uploads\/2021\/09\/PLC_IO-1024x400.jpg 1024w, https:\/\/esis.org.ee\/wp-content\/uploads\/2021\/09\/PLC_IO-300x117.jpg 300w, https:\/\/esis.org.ee\/wp-content\/uploads\/2021\/09\/PLC_IO-768x300.jpg 768w, https:\/\/esis.org.ee\/wp-content\/uploads\/2021\/09\/PLC_IO-1536x601.jpg 1536w, https:\/\/esis.org.ee\/wp-content\/uploads\/2021\/09\/PLC_IO-2048x801.jpg 2048w, https:\/\/esis.org.ee\/wp-content\/uploads\/2021\/09\/PLC_IO-1568x613.jpg 1568w\" sizes=\"auto, (max-width: 1024px) 100vw, 1024px\" \/><\/figure>\n\n\n\n<p>Tehnika, Tootmise ja T\u00f6\u00f6tlemise Kutsen\u00f5ukogu <a rel=\"noreferrer noopener\" target=\"_blank\" href=\"https:\/\/www.kutseregister.ee\/ctrl\/et\/Standardid\/vaata\/10864130\">diplomeeritud t\u00f6\u00f6stusautomaatikainsener, tase 7<\/a>&nbsp;ja&nbsp;<a rel=\"noreferrer noopener\" target=\"_blank\" href=\"https:\/\/www.kutseregister.ee\/ctrl\/et\/Standardid\/vaata\/10864187\">volitatud t\u00f6\u00f6stusautomaatikainsener, tase 8<\/a>&nbsp;praegused kutsestandardid kehtivad kuni 4. novembrini 2025.<\/p>\n<\/div>\n<\/div>\n\n\n\n<p class=\"has-text-align-right\">Kutse taotluse dokumentide esitamise t\u00e4htaeg kevadel on 30. m\u00e4rts 2026.<\/p>\n\n\n\n<div class=\"wp-block-columns alignwide are-vertically-aligned-top is-layout-flex wp-container-core-columns-is-layout-9d6595d7 wp-block-columns-is-layout-flex\" id=\"kontakt\">\n<div class=\"wp-block-column is-vertically-aligned-top is-layout-flow wp-block-column-is-layout-flow\">\n<h3 class=\"wp-block-heading\" id=\"kontakt\">KONTAKT<\/h3>\n\n\n\n<p><a href=\"https:\/\/esis.org.ee\/?page_id=2#juhatus\">ESIS juhatuse liige<\/a><\/p>\n<\/div>\n\n\n\n<div class=\"wp-block-column is-vertically-aligned-top is-layout-flow wp-block-column-is-layout-flow\">\n<h3 class=\"wp-block-heading\" id=\"aadress\">Aadress<\/h3>\n\n\n\n<p>Ehitajate tee 5, 19086, Tallinn<\/p>\n<\/div>\n\n\n\n<div class=\"wp-block-column is-vertically-aligned-top is-layout-flow wp-block-column-is-layout-flow\">\n<h3 class=\"wp-block-heading\"><\/h3>\n\n\n\n<p><\/p>\n<\/div>\n<\/div>\n","protected":false},"excerpt":{"rendered":"<p>Konverents-kontaktmess &#8220;Tark t\u00f6\u00f6stus 2026&#8221; 19. m\u00e4rtsil 2026. Vt. www.smartindustry.ee 64. Automaatikap\u00e4ev toimub 12.03.26 algusega kell 14 Tehnika\u00fclikooli auditooriumis NRG-131. Vaata p\u00e4eva kava siit. INSENERIKUTSETE OMISTAMINE ESIS on diplomeeritud ja volitatud t\u00f6\u00f6stusautomaatika-inseneri kutsete andja \u2197 Tehnika, Tootmise ja T\u00f6\u00f6tlemise Kutsen\u00f5ukogu diplomeeritud t\u00f6\u00f6stusautomaatikainsener, tase 7&nbsp;ja&nbsp;volitatud t\u00f6\u00f6stusautomaatikainsener, tase 8&nbsp;praegused kutsestandardid kehtivad kuni 4. novembrini 2025. Kutse taotluse dokumentide&hellip; <a class=\"more-link\" href=\"https:\/\/esis.org.ee\/\">Continue reading <span class=\"screen-reader-text\">Untitled<\/span><\/a><\/p>\n","protected":false},"author":1,"featured_media":0,"parent":0,"menu_order":0,"comment_status":"closed","ping_status":"closed","template":"","meta":{"footnotes":""},"class_list":["post-15","page","type-page","status-publish","hentry","entry"],"_links":{"self":[{"href":"https:\/\/esis.org.ee\/index.php?rest_route=\/wp\/v2\/pages\/15","targetHints":{"allow":["GET"]}}],"collection":[{"href":"https:\/\/esis.org.ee\/index.php?rest_route=\/wp\/v2\/pages"}],"about":[{"href":"https:\/\/esis.org.ee\/index.php?rest_route=\/wp\/v2\/types\/page"}],"author":[{"embeddable":true,"href":"https:\/\/esis.org.ee\/index.php?rest_route=\/wp\/v2\/users\/1"}],"replies":[{"embeddable":true,"href":"https:\/\/esis.org.ee\/index.php?rest_route=%2Fwp%2Fv2%2Fcomments&post=15"}],"version-history":[{"count":42,"href":"https:\/\/esis.org.ee\/index.php?rest_route=\/wp\/v2\/pages\/15\/revisions"}],"predecessor-version":[{"id":304,"href":"https:\/\/esis.org.ee\/index.php?rest_route=\/wp\/v2\/pages\/15\/revisions\/304"}],"wp:attachment":[{"href":"https:\/\/esis.org.ee\/index.php?rest_route=%2Fwp%2Fv2%2Fmedia&parent=15"}],"curies":[{"name":"wp","href":"https:\/\/api.w.org\/{rel}","templated":true}]}}